{"id":41,"date":"2012-02-02T12:58:04","date_gmt":"2012-02-02T12:58:04","guid":{"rendered":"http:\/\/wp2008.ius.bg.ac.rs\/klinika01\/?page_id=41"},"modified":"2013-10-23T09:13:22","modified_gmt":"2013-10-23T09:13:22","slug":"prezentacije","status":"publish","type":"page","link":"http:\/\/wp2008.ius.bg.ac.rs\/klinika01\/prezentacije\/","title":{"rendered":"Program klinike i prezentacije"},"content":{"rendered":"<p><!--:en-->Program Pravne klinike je osmi[ljen na na\u010din da se studentima pru\u017ei prilika da o problemu trgovine ljudima slu\u0161aju ne samo od nastavnika i saradnika Pravnog fakulteta, ve\u0107 i eksperata i prakti\u010dara. Svake godine na Klinici predavanje dr\u017ei Nacionalni koordinator za suzbijanje trgovine ljudima, gospodin Mitar \u0110ura\u0161kovi\u0107, sudija Radmila Dragi\u010devi\u0107 Di\u010di\u0107, v.f. predsednika Apelacionog suda u Beogradu, gospo\u0111a Gordana jeki\u0107-Bradaji\u0107, zamenica apelacionog javnog tu\u017eioca, profesor Milan \u017darkovi\u0107 sa Kriminalisti\u010dko-policijske akademije, Sanja Savi\u0107 iz Slu\u017ebe za za\u0161titu \u017ertava trgovine ljudima, gospodin Milan Miljojkovi\u0107 &#8211; Na\u010delnik Odeljenja za suzbijanje ilegalnih migracija i trgovine ljudima PU za Grad Beograd sa saradnicima, inspektori MUP-a Dragana Star\u010devi\u0107 i Sa\u0161a Gosi\u0107, Marija An\u0111elkovi\u0107 iz nevladine organizacije ASTRA i Marijana Savi\u0107 iz nevladine organizacije Atina.<\/p>\n<p>Pored predavanja na samom Fakultetu, studenti imaju priliku da prisustvuju brojnim tribinama, seminarima i predavanjima o trgovini ljudima.<br \/>\nProf. Roza Pati sa Pravnog fakulteta St Thomas na Floridi odr\u017eala je predavanje o trgovini ljudima za studente Pravne klinike.<br \/>\nStudenti su prisustvovali okruglom stolu \u201cIgrajte se sa decom, ne igrajte se decom\u201d, na poziv koleginica iz Atine kao i tribini \u201cFairtrade kao vid prevencije trgovine ljudima\u201d. U okviru meseca borbe protiv trgovine ljudima studenti su prisustvovali i okruglom stolu o trgovini ljudima na Pravosudnoj akademiji u Beogradu. Posebno zanimljiva bila je serija predavanja o trgovini ljudima koja su na Pravnom fakultetu u BEogradu odr\u017eali eksperti iz SAD-a a povodom svetskog dana se\u0107anja na ropstvo i njegovo ukidanje.<br \/>\n<!--:--><\/p>\n","protected":false},"excerpt":{"rendered":"<p>Program Pravne klinike je osmi[ljen na na\u010din da se studentima pru\u017ei prilika da o problemu trgovine ljudima slu\u0161aju ne samo od nastavnika i saradnika Pravnog fakulteta, ve\u0107 i eksperata i prakti\u010dara. Svake godine na Klinici predavanje dr\u017ei Nacionalni koordinator za suzbijanje trgovine ljudima, gospodin Mitar \u0110ura\u0161kovi\u0107, sudija Radmila Dragi\u010devi\u0107 Di\u010di\u0107, v.f. predsednika Apelacionog suda u &hellip; <a href=\"http:\/\/wp2008.ius.bg.ac.rs\/klinika01\/prezentacije\/\" class=\"more-link\">Continue reading <span class=\"screen-reader-text\">Program klinike i prezentacije<\/span> <span class=\"meta-nav\">&rarr;<\/span><\/a><\/p>\n","protected":false},"author":6,"featured_media":0,"parent":0,"menu_order":3,"comment_status":"closed","ping_status":"closed","template":"","meta":{"footnotes":""},"class_list":["post-41","page","type-page","status-publish","hentry"],"_links":{"self":[{"href":"http:\/\/wp2008.ius.bg.ac.rs\/klinika01\/wp-json\/wp\/v2\/pages\/41","targetHints":{"allow":["GET"]}}],"collection":[{"href":"http:\/\/wp2008.ius.bg.ac.rs\/klinika01\/wp-json\/wp\/v2\/pages"}],"about":[{"href":"http:\/\/wp2008.ius.bg.ac.rs\/klinika01\/wp-json\/wp\/v2\/types\/page"}],"author":[{"embeddable":true,"href":"http:\/\/wp2008.ius.bg.ac.rs\/klinika01\/wp-json\/wp\/v2\/users\/6"}],"replies":[{"embeddable":true,"href":"http:\/\/wp2008.ius.bg.ac.rs\/klinika01\/wp-json\/wp\/v2\/comments?post=41"}],"version-history":[{"count":9,"href":"http:\/\/wp2008.ius.bg.ac.rs\/klinika01\/wp-json\/wp\/v2\/pages\/41\/revisions"}],"predecessor-version":[{"id":510,"href":"http:\/\/wp2008.ius.bg.ac.rs\/klinika01\/wp-json\/wp\/v2\/pages\/41\/revisions\/510"}],"wp:attachment":[{"href":"http:\/\/wp2008.ius.bg.ac.rs\/klinika01\/wp-json\/wp\/v2\/media?parent=41"}],"curies":[{"name":"wp","href":"https:\/\/api.w.org\/{rel}","templated":true}]}}

<p><!--:en-->Program Pravne klinike je osmi[ljen na način da se studentima pruži prilika da o problemu trgovine ljudima slušaju ne samo od nastavnika i saradnika Pravnog fakulteta, već i eksperata i praktičara. Svake godine na Klinici predavanje drži Nacionalni koordinator za suzbijanje trgovine ljudima, gospodin Mitar Đurašković, sudija Radmila Dragičević Dičić, v.f. predsednika Apelacionog suda u Beogradu, gospođa Gordana jekić-Bradajić, zamenica apelacionog javnog tužioca, profesor Milan Žarković sa Kriminalističko-policijske akademije, Sanja Savić iz Službe za zaštitu žrtava trgovine ljudima, gospodin Milan Miljojković &#8211; Načelnik Odeljenja za suzbijanje ilegalnih migracija i trgovine ljudima PU za Grad Beograd sa saradnicima, inspektori MUP-a Dragana Starčević i Saša Gosić, Marija Anđelković iz nevladine organizacije ASTRA i Marijana Savić iz nevladine organizacije Atina.</p>
<p>Pored predavanja na samom Fakultetu, studenti imaju priliku da prisustvuju brojnim tribinama, seminarima i predavanjima o trgovini ljudima.<br />
Prof. Roza Pati sa Pravnog fakulteta St Thomas na Floridi održala je predavanje o trgovini ljudima za studente Pravne klinike.<br />
Studenti su prisustvovali okruglom stolu “Igrajte se sa decom, ne igrajte se decom”, na poziv koleginica iz Atine kao i tribini “Fairtrade kao vid prevencije trgovine ljudima”. U okviru meseca borbe protiv trgovine ljudima studenti su prisustvovali i okruglom stolu o trgovini ljudima na Pravosudnoj akademiji u Beogradu. Posebno zanimljiva bila je serija predavanja o trgovini ljudima koja su na Pravnom fakultetu u BEogradu održali eksperti iz SAD-a a povodom svetskog dana sećanja na ropstvo i njegovo ukidanje.<br />
<!--:--></p>

<p>Program Pravne klinike je osmi[ljen na način da se studentima pruži prilika da o problemu trgovine ljudima slušaju ne samo od nastavnika i saradnika Pravnog fakulteta, već i eksperata i praktičara. Svake godine na Klinici predavanje drži Nacionalni koordinator za suzbijanje trgovine ljudima, gospodin Mitar Đurašković, sudija Radmila Dragičević Dičić, v.f. predsednika Apelacionog suda u &hellip; <a href="http://wp2008.ius.bg.ac.rs/klinika01/prezentacije/" class="more-link">Continue reading <span class="screen-reader-text">Program klinike i prezentacije</span> <span class="meta-nav">&rarr;</span></a></p>
