{"id":114,"date":"2016-01-11T10:42:49","date_gmt":"2016-01-11T09:42:49","guid":{"rendered":"http:\/\/wp2008.ius.bg.ac.rs\/klinika03\/?page_id=114"},"modified":"2016-01-11T11:31:45","modified_gmt":"2016-01-11T10:31:45","slug":"114-2","status":"publish","type":"page","link":"http:\/\/wp2008.ius.bg.ac.rs\/klinika03\/114-2\/","title":{"rendered":"\u0421\u0442\u0443\u0434\u0435\u043d\u0442\u0438"},"content":{"rendered":"<p><strong>\u0413\u0435\u043d\u0435\u0440\u0430\u0446\u0438\u0458\u0430 2015\/16.<\/strong><\/p>\n<ol>\n<li>Aleksandar \u0110oki\u0107, <a href=\"mailto:aleksandar.djokic.1993@gmail.com\">djokic.1993@gmail.com<\/a><\/li>\n<li>Aleksandra Milo\u0161evi\u0107, <a href=\"mailto:alexandramilosevic77@gmail.com\">alexandramilosevic77@gmail.com<\/a><\/li>\n<li>Aleksandra Todorovi\u0107, <a href=\"mailto:aleksandra.todorovic1166@gmail.com\">todorovic1166@gmail.com<\/a><\/li>\n<li>Ana Reb, <a href=\"mailto:reb_ana_93@yahoo.com\">reb_ana_93@yahoo.com<\/a><\/li>\n<li>An\u0111ela \u0110ur\u0111evi\u0107, <a href=\"mailto:andjela1103@gmail.com\">andjela1103@gmail.com<\/a><\/li>\n<li>Bojan \u0110ukanovi\u0107, <a href=\"mailto:bojandjukanovic93@gmail.com\">bojandjukanovic93@gmail.com<\/a><\/li>\n<li>Bo\u0161ko Bo\u017eovi\u0107, <a href=\"mailto:bolle993@gmail.com\">bolle993@gmail.com<\/a><\/li>\n<li>Du\u0161an Jovanovi\u0107, <a href=\"mailto:dudekjovanovic@gmail.com\">dudekjovanovic@gmail.com<\/a><\/li>\n<li>Filip \u0160u\u0161uli\u0107, <a href=\"mailto:ficasus@gmail.com\">ficasus@gmail.com<\/a><\/li>\n<li>Isidora Bo\u017ei\u0107, <a href=\"mailto:bozicisidora@gmail.com\">bozicisidora@gmail.com<\/a><\/li>\n<li>Jelena Popi\u0107, <a href=\"mailto:jelena.popic28@hotmail.com\">popic28@hotmail.com<\/a><\/li>\n<li>Jelena \u017divkovi\u0107, <a href=\"mailto:jelena_993@hotmail.com\">jelena_993@hotmail.com<\/a><\/li>\n<li>Kristian Dalea, <a href=\"mailto:tianog93@gmail.com\">tianog93@gmail.com<\/a><\/li>\n<li><u>Marija Milosavljevi\u0107, <\/u><u><a href=\"mailto:marija.milosavljevic@gmail.com\">milosavljevic@gmail.com<\/a><\/u><u> <\/u><\/li>\n<li>Marko Milutinovi\u0107, <a href=\"mailto:milutinovicmarko91@gmail.com\">milutinovicmarko91@gmail.com<\/a><\/li>\n<li>Milica Makarevi\u0107, <a href=\"mailto:milica.dindic@gmail.com\">dindic@gmail.com<\/a><\/li>\n<li>Milica Skaro, <a href=\"mailto:milicaskaro@yahoo.com\">milicaskaro@yahoo.com<\/a><\/li>\n<li>Milica Volarev, <a href=\"mailto:m.volarev@gmail.com\">volarev@gmail.com<\/a><\/li>\n<li>Milijana Mi\u0107i\u0107, <a href=\"mailto:milijanche93@hotmail.com\">milijanche93@hotmail.com<\/a><\/li>\n<li>Mirjana Ili\u0107, <a href=\"mailto:miralol@msn.com\">miralol@msn.com<\/a><\/li>\n<li>Nikola Jerkovi\u0107, <a href=\"mailto:nikolajethrojerkovic@gmail.com\">nikolajethrojerkovic@gmail.com<\/a><\/li>\n<li>Olja Damnjanovi\u0107, <a href=\"mailto:olja993@gmail.com\">olja993@gmail.com<\/a><\/li>\n<li>Sanja Bukvi\u0107, <a href=\"mailto:sanjaaani@hotmail.com\">sanjaaani@hotmail.com<\/a><\/li>\n<li>Sara Fidanovi\u0107, <a href=\"mailto:sara.fidanovic@gmail.com\">fidanovic@gmail.com<\/a><\/li>\n<li>Tamara Tomi\u0107, <a href=\"mailto:tomictasha@gmail.com\">tomictasha@gmail.com<\/a><\/li>\n<li>Una Divac, <a href=\"mailto:uncek93@hotmail.com\">uncek93@hotmail.com<\/a><\/li>\n<li>Veljko Luki\u0107, <a href=\"mailto:veljkolukic6@gmail.com\">veljkolukic6@gmail.com<\/a><\/li>\n<li>\u017darko A\u0107imovi\u0107, <a href=\"mailto:zarko.acimovic93@gmail.com\">acimovic93@gmail.com<\/a><\/li>\n<li>Nikolina \u0160koro, <a href=\"mailto:nina.skoro@outlook.com\">skoro@outlook.com<\/a><\/li>\n<\/ol>\n<p>&nbsp;<\/p>\n","protected":false},"excerpt":{"rendered":"<p>\u0413\u0435\u043d\u0435\u0440\u0430\u0446\u0438\u0458\u0430 2015\/16. Aleksandar \u0110oki\u0107, djokic.1993@gmail.com Aleksandra Milo\u0161evi\u0107, alexandramilosevic77@gmail.com Aleksandra Todorovi\u0107, todorovic1166@gmail.com Ana Reb, reb_ana_93@yahoo.com An\u0111ela \u0110ur\u0111evi\u0107, andjela1103@gmail.com Bojan \u0110ukanovi\u0107, bojandjukanovic93@gmail.com Bo\u0161ko Bo\u017eovi\u0107, bolle993@gmail.com Du\u0161an Jovanovi\u0107, dudekjovanovic@gmail.com Filip \u0160u\u0161uli\u0107, ficasus@gmail.com Isidora Bo\u017ei\u0107, bozicisidora@gmail.com Jelena Popi\u0107, popic28@hotmail.com Jelena \u017divkovi\u0107, jelena_993@hotmail.com Kristian Dalea, tianog93@gmail.com Marija Milosavljevi\u0107, milosavljevic@gmail.com Marko Milutinovi\u0107, milutinovicmarko91@gmail.com Milica Makarevi\u0107, dindic@gmail.com Milica Skaro, milicaskaro@yahoo.com Milica Volarev, [&hellip;]<\/p>\n","protected":false},"author":1,"featured_media":0,"parent":0,"menu_order":4,"comment_status":"closed","ping_status":"closed","template":"","meta":{"footnotes":"","_links_to":"","_links_to_target":""},"class_list":["post-114","page","type-page","status-publish","hentry"],"_links":{"self":[{"href":"http:\/\/wp2008.ius.bg.ac.rs\/klinika03\/wp-json\/wp\/v2\/pages\/114","targetHints":{"allow":["GET"]}}],"collection":[{"href":"http:\/\/wp2008.ius.bg.ac.rs\/klinika03\/wp-json\/wp\/v2\/pages"}],"about":[{"href":"http:\/\/wp2008.ius.bg.ac.rs\/klinika03\/wp-json\/wp\/v2\/types\/page"}],"author":[{"embeddable":true,"href":"http:\/\/wp2008.ius.bg.ac.rs\/klinika03\/wp-json\/wp\/v2\/users\/1"}],"replies":[{"embeddable":true,"href":"http:\/\/wp2008.ius.bg.ac.rs\/klinika03\/wp-json\/wp\/v2\/comments?post=114"}],"version-history":[{"count":5,"href":"http:\/\/wp2008.ius.bg.ac.rs\/klinika03\/wp-json\/wp\/v2\/pages\/114\/revisions"}],"predecessor-version":[{"id":127,"href":"http:\/\/wp2008.ius.bg.ac.rs\/klinika03\/wp-json\/wp\/v2\/pages\/114\/revisions\/127"}],"wp:attachment":[{"href":"http:\/\/wp2008.ius.bg.ac.rs\/klinika03\/wp-json\/wp\/v2\/media?parent=114"}],"curies":[{"name":"wp","href":"https:\/\/api.w.org\/{rel}","templated":true}]}}