{"id":680,"date":"2018-03-11T18:55:24","date_gmt":"2018-03-11T17:55:24","guid":{"rendered":"http:\/\/wp2008.ius.bg.ac.rs\/bgmoot\/?page_id=680"},"modified":"2026-03-19T13:03:22","modified_gmt":"2026-03-19T12:03:22","slug":"hearing-venues","status":"publish","type":"page","link":"https:\/\/wp2008.ius.bg.ac.rs\/bgmoot\/updates\/hearing-venues\/","title":{"rendered":"Hearing Venues"},"content":{"rendered":"<h3><span style=\"text-decoration: underline;\"><strong>FYI: This year, the pre-moot is back to the University of Belgrade Faculty of Law. Some of the rounds, however, will again be hosted by the Chamber of Commerce and Industry of Serbia and the nearby law firms.<\/strong><\/span><\/h3>\n<h3><\/h3>\n<h3><span style=\"color: #000080;\"><strong>The location of the hearing rooms <a href=\"https:\/\/maps.app.goo.gl\/cf5ideWTTXFZmtF86\"><span style=\"color: #ff6600;\">ARE AVAILABLE HERE<\/span><\/a>.<\/strong><\/span><\/h3>\n<p>&nbsp;<\/p>\n<h1><span style=\"color: #000080;\"><strong>Vra\u010dar area:<\/strong><\/span><\/h1>\n<table style=\"width: 785px; height: 3037px;\">\n<tbody>\n<tr>\n<td style=\"width: 50%;\"><strong><span style=\"font-size: 16pt; color: #800000;\"><em>University of Belgrade Faculty of Law<\/em><\/span><\/strong><\/p>\n<p>Bulevar kralja Aleksandra 67<\/p>\n<p><a href=\"http:\/\/www1.ius.bg.ac.rs\">www1.ius.bg.ac.rs<\/a><\/p>\n<p><img loading=\"lazy\" decoding=\"async\" class=\"alignnone wp-image-974\" src=\"http:\/\/wp2008.ius.bg.ac.rs\/bac2012\/files\/2026\/03\/image-1.jpg\" alt=\"\" width=\"600\" height=\"400\" \/><\/td>\n<td style=\"width: 50%;\"><\/td>\n<\/tr>\n<tr>\n<td style=\"width: 50%;\"><strong><span style=\"font-size: 16pt; color: #800000;\"><em>BDK &#8211; BDK Advokati<\/em><\/span><\/strong><\/p>\n<p>Bulevar kralja Aleksandra 28<\/p>\n<p><a href=\"http:\/\/www.bdkadvokati.com\/\">http:\/\/www.bdkadvokati.com<\/a><\/p>\n<p><img loading=\"lazy\" decoding=\"async\" class=\"aligncenter size-full wp-image-1282\" src=\"http:\/\/wp2008.ius.bg.ac.rs\/bgmoot\/files\/2018\/03\/bdk.jpg\" alt=\"bdk\" width=\"3024\" height=\"4032\" srcset=\"https:\/\/wp2008.ius.bg.ac.rs\/bgmoot\/files\/2018\/03\/bdk.jpg 3024w, https:\/\/wp2008.ius.bg.ac.rs\/bgmoot\/files\/2018\/03\/bdk-225x300.jpg 225w, https:\/\/wp2008.ius.bg.ac.rs\/bgmoot\/files\/2018\/03\/bdk-768x1024.jpg 768w\" sizes=\"auto, (max-width: 3024px) 100vw, 3024px\" \/><\/td>\n<td style=\"width: 50%;\"><\/td>\n<\/tr>\n<tr>\n<td style=\"width: 50%;\"><strong><span style=\"font-size: 16pt; color: #800000;\"><em>SCC &#8211; Chamber of Commerce and Industry of Serbia<\/em><\/span><\/strong><\/p>\n<p>Resavska 13-15<\/p>\n<p><a href=\"https:\/\/pks.rs\/\">https:\/\/pks.rs\/<\/a><\/p>\n<p><img loading=\"lazy\" decoding=\"async\" class=\"alignleft wp-image-3688\" src=\"http:\/\/wp2008.ius.bg.ac.rs\/bgmoot\/files\/2025\/04\/Untitled-230x300.png\" alt=\"\" width=\"378\" height=\"493\" srcset=\"https:\/\/wp2008.ius.bg.ac.rs\/bgmoot\/files\/2025\/04\/Untitled-230x300.png 230w, https:\/\/wp2008.ius.bg.ac.rs\/bgmoot\/files\/2025\/04\/Untitled-785x1024.png 785w, https:\/\/wp2008.ius.bg.ac.rs\/bgmoot\/files\/2025\/04\/Untitled-768x1002.png 768w, https:\/\/wp2008.ius.bg.ac.rs\/bgmoot\/files\/2025\/04\/Untitled.png 918w\" sizes=\"auto, (max-width: 378px) 100vw, 378px\" \/><\/td>\n<td style=\"width: 50%;\"><\/td>\n<\/tr>\n<tr>\n<td style=\"width: 50%;\"><strong><span style=\"font-size: 16pt; color: #800000;\"><em>KP &#8211; Karanovi\u0107 &amp; Partners AOD <\/em><\/span><\/strong><\/p>\n<p>Resavska 23<\/p>\n<p><a href=\"https:\/\/www.karanovicpartners.com\/\">https:\/\/www.karanovicpartners.com\/<\/a><\/p>\n<p><img loading=\"lazy\" decoding=\"async\" class=\"aligncenter size-large wp-image-691\" src=\"http:\/\/wp2008.ius.bg.ac.rs\/bgmoot\/files\/2018\/03\/2018-03-11-at-19-22-17-1024x777.jpg\" alt=\"2018-03-11-at-19-22-17\" width=\"630\" height=\"478\" srcset=\"https:\/\/wp2008.ius.bg.ac.rs\/bgmoot\/files\/2018\/03\/2018-03-11-at-19-22-17-1024x777.jpg 1024w, https:\/\/wp2008.ius.bg.ac.rs\/bgmoot\/files\/2018\/03\/2018-03-11-at-19-22-17-300x228.jpg 300w, https:\/\/wp2008.ius.bg.ac.rs\/bgmoot\/files\/2018\/03\/2018-03-11-at-19-22-17-768x583.jpg 768w, https:\/\/wp2008.ius.bg.ac.rs\/bgmoot\/files\/2018\/03\/2018-03-11-at-19-22-17.jpg 1069w\" sizes=\"auto, (max-width: 630px) 100vw, 630px\" \/><\/td>\n<td style=\"width: 50%;\"><\/td>\n<\/tr>\n<tr>\n<td style=\"width: 50%;\">\n<p style=\"text-align: left;\"><strong><span style=\"font-size: 16pt; color: #800000;\"><em>RSP &#8211; Radovanovi\u0107 Stojanovi\u0107 &amp; Partners AOD<\/em><\/span><\/strong><\/p>\n<p>Resavska 31, 5<sup>th\u00a0<\/sup>floor<\/p>\n<p><a href=\"https:\/\/rspartners.rs\/\">https:\/\/rspartners.rs\/<\/a><\/p>\n<h1 class=\"section-hero-header-title\"><img loading=\"lazy\" decoding=\"async\" class=\"alignnone size-medium\" src=\"https:\/\/lh5.googleusercontent.com\/p\/AF1QipOq2uL13Qf4pWSVfqGwgJkR87o0YiUW8cCvfT1k=w408-h612-k-no\" width=\"400\" height=\"600\" \/><\/h1>\n<\/td>\n<td style=\"width: 50%;\"><\/td>\n<\/tr>\n<tr>\n<td style=\"width: 50%;\"><strong><span style=\"font-size: 16pt; color: #800000;\"><em>NST &#8211; NSTLAW<\/em><\/span><\/strong><\/p>\n<p>Njego\u0161eva 19<\/p>\n<p><a href=\"https:\/\/www.nstlaw.rs\">https:\/\/www.nstlaw.rs<\/a><\/p>\n<p><img loading=\"lazy\" decoding=\"async\" class=\" wp-image-3706 alignnone\" src=\"http:\/\/wp2008.ius.bg.ac.rs\/bgmoot\/files\/2025\/04\/250403_nstlaw-pic-1-265x300.jpg\" alt=\"\" width=\"405\" height=\"459\" srcset=\"https:\/\/wp2008.ius.bg.ac.rs\/bgmoot\/files\/2025\/04\/250403_nstlaw-pic-1-265x300.jpg 265w, https:\/\/wp2008.ius.bg.ac.rs\/bgmoot\/files\/2025\/04\/250403_nstlaw-pic-1-903x1024.jpg 903w, https:\/\/wp2008.ius.bg.ac.rs\/bgmoot\/files\/2025\/04\/250403_nstlaw-pic-1-768x871.jpg 768w, https:\/\/wp2008.ius.bg.ac.rs\/bgmoot\/files\/2025\/04\/250403_nstlaw-pic-1-1354x1536.jpg 1354w, https:\/\/wp2008.ius.bg.ac.rs\/bgmoot\/files\/2025\/04\/250403_nstlaw-pic-1.jpg 1693w\" sizes=\"auto, (max-width: 405px) 100vw, 405px\" \/><\/td>\n<td style=\"width: 50%;\"><\/td>\n<\/tr>\n<\/tbody>\n<\/table>\n<p>&nbsp;<\/p>\n<p><strong><span style=\"font-size: 16pt; color: #800000;\"><em>NKP &#8211; Nik\u010devi\u0107 &amp; Kapor Law<\/em><\/span><\/strong><\/p>\n<p>Beogradska 4<\/p>\n<p><a href=\"https:\/\/nkp.rs\">https:\/\/nkp.rs<\/a><\/p>\n<p><img loading=\"lazy\" decoding=\"async\" class=\" wp-image-3708 alignnone\" src=\"http:\/\/wp2008.ius.bg.ac.rs\/bgmoot\/files\/2025\/04\/PHOTO-2025-04-03-16-13-46-225x300.jpg\" alt=\"\" width=\"408\" height=\"544\" srcset=\"https:\/\/wp2008.ius.bg.ac.rs\/bgmoot\/files\/2025\/04\/PHOTO-2025-04-03-16-13-46-225x300.jpg 225w, https:\/\/wp2008.ius.bg.ac.rs\/bgmoot\/files\/2025\/04\/PHOTO-2025-04-03-16-13-46-768x1024.jpg 768w, https:\/\/wp2008.ius.bg.ac.rs\/bgmoot\/files\/2025\/04\/PHOTO-2025-04-03-16-13-46-1152x1536.jpg 1152w, https:\/\/wp2008.ius.bg.ac.rs\/bgmoot\/files\/2025\/04\/PHOTO-2025-04-03-16-13-46.jpg 1536w\" sizes=\"auto, (max-width: 408px) 100vw, 408px\" \/><\/p>\n<p>&nbsp;<\/p>\n<p><strong><span style=\"font-size: 16pt; color: #800000;\"><em>CMS &#8211; Petriki\u0107 &amp; Partneri AOD in cooperation with CMS Reich-Rohrwig Hainz (CMS)<\/em><\/span><\/strong><\/p>\n<p>Krunska\u00a073<\/p>\n<p>11000 Belgrade<\/p>\n<p><a href=\"https:\/\/cms.law\/en\/SRB\/Office\/Belgrade\">https:\/\/cms.law\/en\/SRB\/Office\/Belgrade<\/a><\/p>\n<p><img loading=\"lazy\" decoding=\"async\" class=\"wp-image-1275 alignnone\" src=\"http:\/\/wp2008.ius.bg.ac.rs\/bgmoot\/files\/2018\/03\/cms.jpg\" alt=\"cms\" width=\"429\" height=\"283\" srcset=\"https:\/\/wp2008.ius.bg.ac.rs\/bgmoot\/files\/2018\/03\/cms.jpg 1024w, https:\/\/wp2008.ius.bg.ac.rs\/bgmoot\/files\/2018\/03\/cms-300x197.jpg 300w, https:\/\/wp2008.ius.bg.ac.rs\/bgmoot\/files\/2018\/03\/cms-768x506.jpg 768w\" sizes=\"auto, (max-width: 429px) 100vw, 429px\" \/><\/p>\n<h3><span style=\"color: #000080;\"><strong><em>The above mentioned locations are within max 5-15 minutes walking distance.<\/em><\/strong><\/span><\/h3>\n<h1><span style=\"color: #000080;\">Dor\u0107ol area:<\/span><\/h1>\n<p style=\"text-align: left;\"><strong><span style=\"font-size: 16pt; color: #800000;\"><em>MVP 1-4 stands for &#8211; Morav\u010devi\u0107 Vojnovi\u0107 i Partneri in cooperation with Schoenherr<\/em><\/span><\/strong><\/p>\n<p>Bulevar vojvode Bojovi\u0107a 6-8<\/p>\n<p><a href=\"https:\/\/www.schoenherr.rs\/\">https:\/\/www.schoenherr.rs\/<\/a><\/p>\n<p><img loading=\"lazy\" decoding=\"async\" class=\"alignnone wp-image-2188\" src=\"http:\/\/wp2008.ius.bg.ac.rs\/bgmoot\/files\/2022\/03\/Schoeenherr.png\" alt=\"\" width=\"379\" height=\"348\" srcset=\"https:\/\/wp2008.ius.bg.ac.rs\/bgmoot\/files\/2022\/03\/Schoeenherr.png 1016w, https:\/\/wp2008.ius.bg.ac.rs\/bgmoot\/files\/2022\/03\/Schoeenherr-300x276.png 300w, https:\/\/wp2008.ius.bg.ac.rs\/bgmoot\/files\/2022\/03\/Schoeenherr-768x707.png 768w\" sizes=\"auto, (max-width: 379px) 100vw, 379px\" \/><\/p>\n<p>&nbsp;<\/p>\n<h3><span style=\"color: #000080;\"><strong><em>This location is below Kalemegdan part and the ZOO and can be reached by foot, but in case of urgency we suggest taking a taxi (e.g. Yandex app) or car-go app (Serbian\u00a0 version of uber).<\/em><\/strong><\/span><\/h3>\n","protected":false},"excerpt":{"rendered":"<p>FYI: This year, the pre-moot is back to the University of Belgrade Faculty of Law. Some of the rounds, however, will again be hosted by the Chamber of Commerce and Industry of Serbia and the nearby law firms. The location of the hearing rooms ARE AVAILABLE HERE. &nbsp; Vra\u010dar area: University of Belgrade Faculty of [&hellip;]<\/p>\n","protected":false},"author":1,"featured_media":0,"parent":348,"menu_order":0,"comment_status":"closed","ping_status":"closed","template":"","meta":{"footnotes":""},"class_list":["post-680","page","type-page","status-publish","hentry"],"_links":{"self":[{"href":"https:\/\/wp2008.ius.bg.ac.rs\/bgmoot\/wp-json\/wp\/v2\/pages\/680","targetHints":{"allow":["GET"]}}],"collection":[{"href":"https:\/\/wp2008.ius.bg.ac.rs\/bgmoot\/wp-json\/wp\/v2\/pages"}],"about":[{"href":"https:\/\/wp2008.ius.bg.ac.rs\/bgmoot\/wp-json\/wp\/v2\/types\/page"}],"author":[{"embeddable":true,"href":"https:\/\/wp2008.ius.bg.ac.rs\/bgmoot\/wp-json\/wp\/v2\/users\/1"}],"replies":[{"embeddable":true,"href":"https:\/\/wp2008.ius.bg.ac.rs\/bgmoot\/wp-json\/wp\/v2\/comments?post=680"}],"version-history":[{"count":80,"href":"https:\/\/wp2008.ius.bg.ac.rs\/bgmoot\/wp-json\/wp\/v2\/pages\/680\/revisions"}],"predecessor-version":[{"id":4229,"href":"https:\/\/wp2008.ius.bg.ac.rs\/bgmoot\/wp-json\/wp\/v2\/pages\/680\/revisions\/4229"}],"up":[{"embeddable":true,"href":"https:\/\/wp2008.ius.bg.ac.rs\/bgmoot\/wp-json\/wp\/v2\/pages\/348"}],"wp:attachment":[{"href":"https:\/\/wp2008.ius.bg.ac.rs\/bgmoot\/wp-json\/wp\/v2\/media?parent=680"}],"curies":[{"name":"wp","href":"https:\/\/api.w.org\/{rel}","templated":true}]}}

<h3><span style="text-decoration: underline;"><strong>FYI: This year, the pre-moot is back to the University of Belgrade Faculty of Law. Some of the rounds, however, will again be hosted by the Chamber of Commerce and Industry of Serbia and the nearby law firms.</strong></span></h3>
<h3></h3>
<h3><span style="color: #000080;"><strong>The location of the hearing rooms <a href="https://maps.app.goo.gl/cf5ideWTTXFZmtF86"><span style="color: #ff6600;">ARE AVAILABLE HERE</span></a>.</strong></span></h3>
<p>&nbsp;</p>
<h1><span style="color: #000080;"><strong>Vračar area:</strong></span></h1>
<table style="width: 785px; height: 3037px;">
<tbody>
<tr>
<td style="width: 50%;"><strong><span style="font-size: 16pt; color: #800000;"><em>University of Belgrade Faculty of Law</em></span></strong></p>
<p>Bulevar kralja Aleksandra 67</p>
<p><a href="http://www1.ius.bg.ac.rs">www1.ius.bg.ac.rs</a></p>
<p><img loading="lazy" decoding="async" class="alignnone wp-image-974" src="http://wp2008.ius.bg.ac.rs/bac2012/files/2026/03/image-1.jpg" alt="" width="600" height="400" /></td>
<td style="width: 50%;"></td>
</tr>
<tr>
<td style="width: 50%;"><strong><span style="font-size: 16pt; color: #800000;"><em>BDK &#8211; BDK Advokati</em></span></strong></p>
<p>Bulevar kralja Aleksandra 28</p>
<p><a href="http://www.bdkadvokati.com/">http://www.bdkadvokati.com</a></p>
<p><img loading="lazy" decoding="async" class="aligncenter size-full wp-image-1282" src="http://wp2008.ius.bg.ac.rs/bgmoot/files/2018/03/bdk.jpg" alt="bdk" width="3024" height="4032" srcset="https://wp2008.ius.bg.ac.rs/bgmoot/files/2018/03/bdk.jpg 3024w, https://wp2008.ius.bg.ac.rs/bgmoot/files/2018/03/bdk-225x300.jpg 225w, https://wp2008.ius.bg.ac.rs/bgmoot/files/2018/03/bdk-768x1024.jpg 768w" sizes="auto, (max-width: 3024px) 100vw, 3024px" /></td>
<td style="width: 50%;"></td>
</tr>
<tr>
<td style="width: 50%;"><strong><span style="font-size: 16pt; color: #800000;"><em>SCC &#8211; Chamber of Commerce and Industry of Serbia</em></span></strong></p>
<p>Resavska 13-15</p>
<p><a href="https://pks.rs/">https://pks.rs/</a></p>
<p><img loading="lazy" decoding="async" class="alignleft wp-image-3688" src="http://wp2008.ius.bg.ac.rs/bgmoot/files/2025/04/Untitled-230x300.png" alt="" width="378" height="493" srcset="https://wp2008.ius.bg.ac.rs/bgmoot/files/2025/04/Untitled-230x300.png 230w, https://wp2008.ius.bg.ac.rs/bgmoot/files/2025/04/Untitled-785x1024.png 785w, https://wp2008.ius.bg.ac.rs/bgmoot/files/2025/04/Untitled-768x1002.png 768w, https://wp2008.ius.bg.ac.rs/bgmoot/files/2025/04/Untitled.png 918w" sizes="auto, (max-width: 378px) 100vw, 378px" /></td>
<td style="width: 50%;"></td>
</tr>
<tr>
<td style="width: 50%;"><strong><span style="font-size: 16pt; color: #800000;"><em>KP &#8211; Karanović &amp; Partners AOD </em></span></strong></p>
<p>Resavska 23</p>
<p><a href="https://www.karanovicpartners.com/">https://www.karanovicpartners.com/</a></p>
<p><img loading="lazy" decoding="async" class="aligncenter size-large wp-image-691" src="http://wp2008.ius.bg.ac.rs/bgmoot/files/2018/03/2018-03-11-at-19-22-17-1024x777.jpg" alt="2018-03-11-at-19-22-17" width="630" height="478" srcset="https://wp2008.ius.bg.ac.rs/bgmoot/files/2018/03/2018-03-11-at-19-22-17-1024x777.jpg 1024w, https://wp2008.ius.bg.ac.rs/bgmoot/files/2018/03/2018-03-11-at-19-22-17-300x228.jpg 300w, https://wp2008.ius.bg.ac.rs/bgmoot/files/2018/03/2018-03-11-at-19-22-17-768x583.jpg 768w, https://wp2008.ius.bg.ac.rs/bgmoot/files/2018/03/2018-03-11-at-19-22-17.jpg 1069w" sizes="auto, (max-width: 630px) 100vw, 630px" /></td>
<td style="width: 50%;"></td>
</tr>
<tr>
<td style="width: 50%;">
<p style="text-align: left;"><strong><span style="font-size: 16pt; color: #800000;"><em>RSP &#8211; Radovanović Stojanović &amp; Partners AOD</em></span></strong></p>
<p>Resavska 31, 5<sup>th </sup>floor</p>
<p><a href="https://rspartners.rs/">https://rspartners.rs/</a></p>
<h1 class="section-hero-header-title"><img loading="lazy" decoding="async" class="alignnone size-medium" src="https://lh5.googleusercontent.com/p/AF1QipOq2uL13Qf4pWSVfqGwgJkR87o0YiUW8cCvfT1k=w408-h612-k-no" width="400" height="600" /></h1>
</td>
<td style="width: 50%;"></td>
</tr>
<tr>
<td style="width: 50%;"><strong><span style="font-size: 16pt; color: #800000;"><em>NST &#8211; NSTLAW</em></span></strong></p>
<p>Njegoševa 19</p>
<p><a href="https://www.nstlaw.rs">https://www.nstlaw.rs</a></p>
<p><img loading="lazy" decoding="async" class=" wp-image-3706 alignnone" src="http://wp2008.ius.bg.ac.rs/bgmoot/files/2025/04/250403_nstlaw-pic-1-265x300.jpg" alt="" width="405" height="459" srcset="https://wp2008.ius.bg.ac.rs/bgmoot/files/2025/04/250403_nstlaw-pic-1-265x300.jpg 265w, https://wp2008.ius.bg.ac.rs/bgmoot/files/2025/04/250403_nstlaw-pic-1-903x1024.jpg 903w, https://wp2008.ius.bg.ac.rs/bgmoot/files/2025/04/250403_nstlaw-pic-1-768x871.jpg 768w, https://wp2008.ius.bg.ac.rs/bgmoot/files/2025/04/250403_nstlaw-pic-1-1354x1536.jpg 1354w, https://wp2008.ius.bg.ac.rs/bgmoot/files/2025/04/250403_nstlaw-pic-1.jpg 1693w" sizes="auto, (max-width: 405px) 100vw, 405px" /></td>
<td style="width: 50%;"></td>
</tr>
</tbody>
</table>
<p>&nbsp;</p>
<p><strong><span style="font-size: 16pt; color: #800000;"><em>NKP &#8211; Nikčević &amp; Kapor Law</em></span></strong></p>
<p>Beogradska 4</p>
<p><a href="https://nkp.rs">https://nkp.rs</a></p>
<p><img loading="lazy" decoding="async" class=" wp-image-3708 alignnone" src="http://wp2008.ius.bg.ac.rs/bgmoot/files/2025/04/PHOTO-2025-04-03-16-13-46-225x300.jpg" alt="" width="408" height="544" srcset="https://wp2008.ius.bg.ac.rs/bgmoot/files/2025/04/PHOTO-2025-04-03-16-13-46-225x300.jpg 225w, https://wp2008.ius.bg.ac.rs/bgmoot/files/2025/04/PHOTO-2025-04-03-16-13-46-768x1024.jpg 768w, https://wp2008.ius.bg.ac.rs/bgmoot/files/2025/04/PHOTO-2025-04-03-16-13-46-1152x1536.jpg 1152w, https://wp2008.ius.bg.ac.rs/bgmoot/files/2025/04/PHOTO-2025-04-03-16-13-46.jpg 1536w" sizes="auto, (max-width: 408px) 100vw, 408px" /></p>
<p>&nbsp;</p>
<p><strong><span style="font-size: 16pt; color: #800000;"><em>CMS &#8211; Petrikić &amp; Partneri AOD in cooperation with CMS Reich-Rohrwig Hainz (CMS)</em></span></strong></p>
<p>Krunska 73</p>
<p>11000 Belgrade</p>
<p><a href="https://cms.law/en/SRB/Office/Belgrade">https://cms.law/en/SRB/Office/Belgrade</a></p>
<p><img loading="lazy" decoding="async" class="wp-image-1275 alignnone" src="http://wp2008.ius.bg.ac.rs/bgmoot/files/2018/03/cms.jpg" alt="cms" width="429" height="283" srcset="https://wp2008.ius.bg.ac.rs/bgmoot/files/2018/03/cms.jpg 1024w, https://wp2008.ius.bg.ac.rs/bgmoot/files/2018/03/cms-300x197.jpg 300w, https://wp2008.ius.bg.ac.rs/bgmoot/files/2018/03/cms-768x506.jpg 768w" sizes="auto, (max-width: 429px) 100vw, 429px" /></p>
<h3><span style="color: #000080;"><strong><em>The above mentioned locations are within max 5-15 minutes walking distance.</em></strong></span></h3>
<h1><span style="color: #000080;">Dorćol area:</span></h1>
<p style="text-align: left;"><strong><span style="font-size: 16pt; color: #800000;"><em>MVP 1-4 stands for &#8211; Moravčević Vojnović i Partneri in cooperation with Schoenherr</em></span></strong></p>
<p>Bulevar vojvode Bojovića 6-8</p>
<p><a href="https://www.schoenherr.rs/">https://www.schoenherr.rs/</a></p>
<p><img loading="lazy" decoding="async" class="alignnone wp-image-2188" src="http://wp2008.ius.bg.ac.rs/bgmoot/files/2022/03/Schoeenherr.png" alt="" width="379" height="348" srcset="https://wp2008.ius.bg.ac.rs/bgmoot/files/2022/03/Schoeenherr.png 1016w, https://wp2008.ius.bg.ac.rs/bgmoot/files/2022/03/Schoeenherr-300x276.png 300w, https://wp2008.ius.bg.ac.rs/bgmoot/files/2022/03/Schoeenherr-768x707.png 768w" sizes="auto, (max-width: 379px) 100vw, 379px" /></p>
<p>&nbsp;</p>
<h3><span style="color: #000080;"><strong><em>This location is below Kalemegdan part and the ZOO and can be reached by foot, but in case of urgency we suggest taking a taxi (e.g. Yandex app) or car-go app (Serbian  version of uber).</em></strong></span></h3>

<p>FYI: This year, the pre-moot is back to the University of Belgrade Faculty of Law. Some of the rounds, however, will again be hosted by the Chamber of Commerce and Industry of Serbia and the nearby law firms. The location of the hearing rooms ARE AVAILABLE HERE. &nbsp; Vračar area: University of Belgrade Faculty of [&hellip;]</p>
